 Let g be i(-2). Calculate the highest common divisor of 54 and g.
54
Suppose -1110*h - 66 = -1111*h. Calculate the greatest common divisor of h and 594.
66
Let g(y) = 211*y**2 + 15*y - 29. Let p be g(2). Calculate the greatest common divisor of p and 338.
169
Let j be (8/(-10))/(2/(-5)). Suppose -j*f - 23 = 5. Let v be (-390)/(-7) - 4/f. What is the highest common divisor of v and 14?
14
Let o(m) = 2*m + 2. Suppose 0 = -2*d + 3 + 15. Let g(n) = -n + 17. Let i be g(d). Let h be o(i). Calculate the highest common factor of h and 2.
2
Let w = -75 + 89. Let p be w/((-56)/30)*4/(-3). What is the highest common factor of p and 80?
10
Let x = -2 + 5. Let f be ((-3)/(-2)*x)/((-1)/(-2)). Calculate the greatest common factor of f and 27.
9
Let x be (1/2)/(1/6). Suppose -30*m = -32*m. Let k be x + m - (0 + -78). What is the highest common factor of 27 and k?
27
Let t(z) = z**2 + 12*z - 48. Let k be t(12). Calculate the highest common divisor of k and 45.
15
Let a = -4 + 9. Suppose 2 = -a*z + 62. Let c be (-24)/5*(-110)/44. Calculate the highest common divisor of z and c.
12
Suppose -153*w + 164*w = 1980. Let t = 123 - 51. What is the highest common divisor of w and t?
36
Let h = 5 + -2. Suppose -4*f = -h*t + 160, -3*f = t + 2*t - 174. Suppose -27 = 2*x - 83. What is the highest common divisor of x and t?
28
Suppose 0*d = -5*d + 20. Suppose d*g = 2 + 2. Calculate the greatest common divisor of 3 and g.
1
Let h(m) = 20*m**2 + 20*m - 45. Let w be h(2). Suppose -5*r + 51 + 24 = 0. Calculate the greatest common divisor of r and w.
15
Suppose 3*q = 2*q + 76. Let w = 1600 - 1562. Calculate the highest common divisor of w and q.
38
Let n(h) = 806*h**3 - h**2 + 4*h - 4. Let y be n(1). Calculate the greatest common divisor of 35 and y.
35
Let j = 1309 + -892. What is the highest common factor of 6 and j?
3
Suppose 23*q = 28*q. Suppose d + q*c = -3*c + 66, 2*d + 2*c = 132. Calculate the greatest common factor of d and 44.
22
Let o = -28 - -40. Suppose 4*x - 16 = -n + 2*x, -4*x = -3*n + 38. Let d = n + 22. Calculate the highest common divisor of d and o.
12
Suppose -2*y - 4*j + 0*j + 218 = 0, y - 125 = 2*j. Suppose 0 = -c - 2*c + y. What is the highest common divisor of c and 52?
13
Let a(t) = -t**2 + 7*t - 7. Let c be a(6). Let f = c + 6. What is the greatest common divisor of 5 and f?
5
Let n = -1158 - -2214. Calculate the highest common divisor of n and 33.
33
Let m be 19/(-19) - 71/2*-2. What is the highest common factor of 240 and m?
10
Let c(i) = -8*i**3 + 3*i - 2. Let a(g) = -3*g - 2. Let o be a(0). Let u be c(o). What is the highest common factor of u and 14?
14
Suppose 5*c - 17 - 18 = 0. Let u = 71 - 37. Let i = 1 + u. Calculate the highest common factor of i and c.
7
Let h = -11 - -32. Let c be 3*-1*28/(-21). Suppose -756 = -c*y - 0*y. What is the greatest common factor of h and y?
21
Let p(h) be the second derivative of 4*h - 1/3*h**3 - 5*h**2 + 0. Let u be p(-7). Calculate the greatest common factor of u and 36.
4
Let w = 2447 - 1439. What is the greatest common factor of w and 192?
48
Suppose 225*h = -4*n + 220*h + 71, -2*h - 50 = -4*n. Let v(x) = x**3 + 5*x**2 - 2*x - 6. Let y be v(-5). Calculate the greatest common factor of y and n.
2
Let a = -106 + 154. What is the highest common factor of 3 and a?
3
Suppose 0 = -5*s - 72 + 382. Calculate the greatest common factor of s and 2.
2
Suppose i - 55 - 17 = 0. Suppose -9 = 3*v - 0*v, 3*t + v = 69. Calculate the highest common divisor of i and t.
24
Suppose 7*o = -2046 + 2207. Calculate the greatest common factor of o and 1219.
23
Let s(b) = b**2 - b + 6. Let m = 9 - -6. Suppose -3*u + 6*u - m = 0. Let l be s(u). Calculate the highest common factor of 26 and l.
26
Suppose -2*d + 541 = 3*r - 624, 3*d = 6. Calculate the greatest common factor of 1677 and r.
129
Let q be (3 + -5)*(2 + 18/(-4)). Suppose -2*i = -6*i - 2*p + 40, q*i + 2*p = 50. What is the greatest common factor of i and 170?
10
Let b be (3/2)/(5 + (-2745)/550). Calculate the greatest common factor of 15 and b.
15
Let w = -73 + 102. Suppose -2*c + w = -11. What is the highest common factor of c and 10?
10
Let p(h) = 239*h**2 + 3*h. Let c be p(-2). Calculate the highest common factor of 38 and c.
38
Let o = 933 - 918. What is the greatest common divisor of o and 85?
5
Suppose 5*l + 32 = i, 0*l = -l - 2*i - 2. Let z be (-332)/(-12) + l/(-18). Calculate the highest common divisor of z and 196.
28
Let k be (-26)/(-10) - 1 - 14/(-35). What is the greatest common factor of k and 64?
2
Let t be (-13)/(-143)*11*190. Calculate the greatest common divisor of 342 and t.
38
Suppose -2*b + m - 9 = 2*m, -17 = 4*b + m. Let p be (6/b - -2)*20. Let k be (-206)/(-7) - ((-64)/(-28))/(-4). What is the greatest common divisor of k and p?
10
Let p be (21/14)/((42/(-6))/(-70)). What is the highest common factor of p and 35?
5
Let x(l) = -l**3 + 12*l**2 + 15*l - 13. Let v be x(13). Suppose z = p - 5, 4*p - 2*z - v = 13. Calculate the highest common divisor of p and 48.
8
Suppose 0 = -29*u + 30*u - 651. Calculate the greatest common factor of u and 63.
21
Let n = 3 - 1. Let m(u) = u**3 - 2*u**2 + 2*u - 2. Let b be m(n). Suppose l - k = 59, -2*l + 264 = b*l + 3*k. Calculate the highest common factor of l and 7.
7
Let m = 24 - 41. Let a = -10 - m. Suppose 36 = a*o - 5*o. What is the highest common divisor of 162 and o?
18
Let o(f) = -6*f**3 + 2*f - 2. Let b be o(-3). Suppose 177*g = 172*g + 70. Calculate the greatest common divisor of g and b.
14
Let i(h) = -h**2 - h + 110. Let n be i(0). Let p = -61 - -72. What is the greatest common factor of n and p?
11
Suppose 21 = -2*b + 1. Let x(z) = z**2 + 9*z + 22. Let w be x(b). Calculate the highest common factor of w and 32.
32
Suppose 0 = 7*u - 5*u + 6. Let o be -2 - u - (-10)/5. Calculate the greatest common divisor of 24 and o.
3
Let d(l) = -3*l**2 + l. Let z = 17 - 20. Let f be d(z). Let p be f/4*(-11 - -9). What is the greatest common divisor of 45 and p?
15
Let j = 40 + -36. Calculate the greatest common factor of j and 68.
4
Let g(h) = -8*h + 2. Let s be g(-2). Let u = -176 + 181. Let r be ((-2)/u)/(6/(-30)). What is the greatest common factor of s and r?
2
Let n be -11*(-5)/385 + 4604/14. What is the highest common divisor of 47 and n?
47
Let v(o) = -o**3 - 7*o**2 + 3*o + 31. Let g be v(-7). Suppose g*a + 40 = 18*a. Calculate the greatest common divisor of 80 and a.
5
Let h(y) = -3*y**3 - 3*y**2 - 6*y - 3. Let c be h(-6). Let x = -375 + c. Calculate the greatest common divisor of x and 22.
22
Let h be (1 - (-16)/(-12)) + 727/3. Calculate the highest common divisor of h and 88.
22
Suppose -2*t = z - 452, -2*t + 456 = -6*z + 9*z. What is the greatest common divisor of t and 210?
15
Let t = 126 + -36. Calculate the greatest common divisor of t and 9.
9
Let m be -43 + 40 + 1*111. Suppose 3*z - 210 = 2*x, -z + 4*x = -5*z + 300. Calculate the highest common divisor of z and m.
36
Let l = 11 + -13. Let x = 16 + l. Let r = 18 - x. What is the greatest common factor of r and 44?
4
Let j be (245/(-21) - -5)*-24. What is the highest common factor of 10 and j?
10
Suppose 0 = -17*s + 1387 + 109. Suppose 40 = 5*o - 0*o. Calculate the highest common factor of o and s.
8
Suppose -4*j - z + 767 = 0, 5*j - 957 = -0*z - 3*z. Calculate the highest common factor of 6 and j.
6
Let m = -104 - -141. Suppose z - m - 35 = 0. What is the highest common factor of z and 8?
8
Suppose 5*k - 7 = -2. Let c be ((-2)/8)/(k/(-8)). Let p be (c + -21)*(-7 + 6). Calculate the highest common factor of 95 and p.
19
Suppose 5*s - 393 = -2*j, s - 64 - 14 = -j. Suppose -5*t + s = -641. Let c(u) = -u + 24. Let l be c(8). Calculate the greatest common factor of l and t.
16
Suppose -10*f + 17*f - 441 = 0. What is the greatest common divisor of f and 180?
9
Let a = -1097 - -1249. What is the highest common divisor of 19 and a?
19
Let p = 546 + -514. Calculate the highest common divisor of p and 80.
16
Let x(a) = -a**3 + 7*a**2 + 8*a + 9. Let j be x(8). Let t be (-284)/(-18) + 2/j. Let w = t - 7. What is the highest common divisor of w and 81?
9
Suppose 2*s = s - c + 100, 4*s = 4*c + 440. What is the greatest common divisor of s and 60?
15
Let l be (36/10 - 3)*5. Suppose -4*p = -l*p - 80. What is the highest common factor of 32 and p?
16
Suppose 3*o = 4*h + h - 7